 common factor of 2100514 and 325.
13
What is the greatest common factor of 571946032 and 8680?
1736
What is the highest common factor of 237495167 and 39?
13
What is the highest common factor of 10 and 1127837130?
10
Calculate the highest common divisor of 41292360 and 483.
69
Calculate the greatest common divisor of 1566949704 and 1564.
1564
What is the highest common divisor of 6 and 1595288868?
6
What is the highest common divisor of 2299 and 1124332?
121
What is the highest common factor of 208 and 11626667?
13
What is the highest common factor of 21488256 and 95616?
1152
What is the highest common factor of 6904318 and 1066?
82
Calculate the greatest common factor of 11381 and 117865829.
599
Calculate the highest common factor of 885 and 104153172.
177
Calculate the greatest common factor of 2200816 and 730868.
8212
Calculate the greatest common divisor of 650611682 and 14.
14
What is the greatest common factor of 342 and 82140192?
342
Calculate the greatest common factor of 268 and 395524.
4
What is the greatest common divisor of 7543146 and 35334?
78
Calculate the greatest common factor of 58990 and 64230.
10
Calculate the highest common divisor of 692 and 1725296822.
346
What is the greatest common factor of 50454683 and 109?
109
What is the highest common factor of 3244184 and 287048?
5416
What is the greatest common factor of 55601223 and 134?
67
Calculate the highest common factor of 766621374 and 2406.
2406
Calculate the highest common factor of 420079 and 3421.
11
What is the greatest common factor of 201 and 84832586?
67
Calculate the greatest common divisor of 455590 and 1210.
10
Calculate the highest common factor of 15181 and 530689.
323
Calculate the highest common divisor of 232 and 231100.
4
What is the greatest common divisor of 91 and 24893148?
7
What is the highest common divisor of 4108 and 477902126?
2054
Calculate the greatest common factor of 2016508 and 16276.
52
What is the greatest common factor of 8897238 and 27474?
1446
Calculate the highest common divisor of 166 and 88872582.
166
What is the highest common divisor of 209344925 and 2575?
2575
What is the greatest common divisor of 463 and 974819?
1
What is the highest common factor of 632 and 6831464?
8
What is the highest common divisor of 8 and 357901928?
8
What is the greatest common factor of 99012 and 2517924?
444
Calculate the greatest common factor of 45504069 and 2964.
741
What is the highest common factor of 6741 and 5117427?
63
Calculate the greatest common factor of 33156935 and 65.
5
What is the greatest common factor of 61398 and 53136?
162
Calculate the highest common factor of 97353785 and 26865.
995
What is the highest common divisor of 850420 and 4545?
505
What is the highest common divisor of 49044352 and 518?
14
Calculate the highest common factor of 33847 and 286704.
1991
Calculate the highest common divisor of 1092401 and 377.
29
What is the greatest common factor of 7244 and 320074329?
1811
What is the greatest common factor of 83691 and 31790?
17
What is the highest common factor of 3773 and 87331321?
77
Calculate the highest common divisor of 37 and 18968050.
37
Calculate the greatest common factor of 36133590 and 380.
10
What is the highest common factor of 27982126 and 2?
2
Calculate the greatest common divisor of 122598 and 16009.
7
What is the greatest common divisor of 146045055 and 195?
195
Calculate the greatest common factor of 71709130 and 1299.
433
What is the greatest common divisor of 172510 and 10550?
10
What is the greatest common factor of 823291978 and 618?
206
Calculate the highest common factor of 699143 and 703.
19
Calculate the greatest common divisor of 36732231 and 351.
27
What is the highest common divisor of 3552198 and 182?
26
Calculate the highest common divisor of 102222 and 4632802.
1262
What is the highest common factor of 97535 and 5385?
5
Calculate the greatest common factor of 107 and 8248951.
107
What is the highest common divisor of 144 and 203973808?
16
Calculate the greatest common divisor of 17492349 and 14.
7
Calculate the highest common factor of 32686649 and 531.
59
Calculate the highest common divisor of 1077752 and 43.
43
Calculate the highest common divisor of 3690 and 46539.
9
Calculate the highest common factor of 108 and 14732757.
9
What is the greatest common divisor of 396 and 483315096?
132
What is the greatest common factor of 6069 and 130494?
21
What is the highest common divisor of 2100424 and 6?
2
What is the greatest common factor of 6328 and 2000552?
904
Calculate the highest common factor of 1539 and 24813.
27
Calculate the highest common factor of 4976 and 26528.
16
Calculate the greatest common divisor of 117417027 and 182.
91
What is the highest common factor of 1870848 and 6804?
252
What is the greatest common divisor of 317 and 2240873?
317
Calculate the greatest common divisor of 7 and 54482.
1
Calculate the highest common factor of 5550 and 5918002.
74
What is the greatest common divisor of 1307 and 62686334?
1307
Calculate the highest common divisor of 2470 and 190011172.
494
What is the greatest common divisor of 13581 and 60731214?
1509
Calculate the greatest common divisor of 79817400 and 6064.
3032
Calculate the highest common factor of 116830793 and 74.
37
Calculate the highest common factor of 7062 and 1812441114.
7062
Calculate the greatest common factor of 549 and 819274347.
549
What is the greatest common divisor of 60801897 and 48?
3
What is the greatest common factor of 19995 and 228889?
43
Calculate the greatest common divisor of 27800 and 118700.
100
Calculate the greatest common divisor of 525 and 270585.
105
Calculate the highest common divisor of 35501424 and 60648.
3192
Calculate the greatest common factor of 693 and 49780953.
9
Calculate the highest common factor of 665 and 301836185.
665
What is the greatest common divisor of 30 and 55576605?
15
Calculate the greatest common factor of 1996242 and 51.
51
Calculate the greatest common factor of 220 and 104836.
4
Calculate the highest common divisor of 38710 and 1696870.
490
What is the highest common factor of 1330 and 181572265?
665
Calculate the greatest common factor of 870 and 649955830.
290
What is the highest common factor of 17463 and 6297?
3
What is the greatest common factor of 2014909098 and 717?
717
Calculate the highest common factor of 20 and 12878080.
20
Calculate the greatest common factor of 273354 and 99661098.
9426
What is the greatest common divisor of 39775 and 887075?
925
Calculate the greatest common factor of 33815919 and 1851.
1851
Calculate the greatest common divisor of 82749028 and 1178.
38
What is the greatest common divisor of 1468452 and 27492?
948
What is the greatest common divisor of 5672 and 51413844?
2836
Calculate the greatest common factor of 117305962 and 76.
38
Calculate the greatest common divisor of 66969634 and 212.
106
What is the greatest common factor of 5093508 and 4764?
12
Calculate the highest common factor of 128180 and 32708.
884
Calculate the highest common factor of 71270 and 26633599.
7127
Calculate the highest common divisor of 13689 and 9237033.
1521
Calculate the greatest common divisor of 12593490 and 630.
210
Calculate the highest common divisor of 15570 and 2546560.
1730
What is the highest common factor of 449385 and 57?
3
Calculate the highest common divisor of 796446297 and 3798.
1899
Calculate the greatest common divisor of 1932384 and 1056.
96
What is the greatest common factor of 2026245 and 1335?
15
What is the greatest common divisor of 97662312 and 198?
198
What is the highest common divisor of 17 and 225300?
1
Calculate the highest common factor of 61659 and 7908255.
279
Calculate the greatest common factor of 19508 and 187892.
4
What is the highest common divisor of 610 and 3275395?
305
Calculate the highest common divisor of 67300 and 187700.
100
What is the greatest common factor of 342 and 117624294?
18
Calculate the greatest common divisor of 5951043 and 491211.
4347
Calculate the highest common factor of 8 and 2183638.
2
Calculate the highest common factor of 4638 and 9321.
3
Calculate the greatest common factor of 9408 and 43969856.
3136
What is the greatest common divisor of 145688395 and 4190?
2095
Calculate the greatest commo